{"id":16834,"date":"2023-12-05T14:45:40","date_gmt":"2023-12-05T14:45:40","guid":{"rendered":"http:\/\/46.4.121.70\/~barnetst\/nyside\/?page_id=16834"},"modified":"2024-11-19T08:29:47","modified_gmt":"2024-11-19T08:29:47","slug":"medarbejdere","status":"publish","type":"page","link":"https:\/\/barnetstarv.com\/index.php\/om-os\/medarbejdere\/","title":{"rendered":"Medarbejdere"},"content":{"rendered":"\t\t<div data-elementor-type=\"wp-page\" data-elementor-id=\"16834\" class=\"elementor elementor-16834\">\n\t\t\t\t\t\t<section class=\"elementor-section elementor-top-section elementor-element elementor-element-bdab926 elementor-section-boxed elementor-section-height-default elementor-section-height-default\" data-id=\"bdab926\" data-element_type=\"section\">\n\t\t\t\t\t\t<div class=\"elementor-container elementor-column-gap-default\">\n\t\t\t\t\t<div class=\"elementor-column elementor-col-100 elementor-top-column elementor-element elementor-element-49047649\" data-id=\"49047649\" data-element_type=\"column\">\n\t\t\t<div class=\"elementor-widget-wrap elementor-element-populated\">\n\t\t\t\t\t\t<div class=\"elementor-element elementor-element-c42216b elementor-widget elementor-widget-heading\" data-id=\"c42216b\" data-element_type=\"widget\" data-widget_type=\"heading.default\">\n\t\t\t\t<div class=\"elementor-widget-container\">\n\t\t\t\t\t<h3 class=\"elementor-heading-title elementor-size-default\">Medarbejdere<\/h3>\t\t\t\t<\/div>\n\t\t\t\t<\/div>\n\t\t\t\t<div class=\"elementor-element elementor-element-1eb34b1 elementor-widget elementor-widget-heading\" data-id=\"1eb34b1\" data-element_type=\"widget\" data-widget_type=\"heading.default\">\n\t\t\t\t<div class=\"elementor-widget-container\">\n\t\t\t\t\t<h3 class=\"elementor-heading-title elementor-size-default\">Michael Hjelvang<\/h3>\t\t\t\t<\/div>\n\t\t\t\t<\/div>\n\t\t\t\t<div class=\"elementor-element elementor-element-dee9d85 elementor-widget-divider--view-line elementor-widget elementor-widget-divider\" data-id=\"dee9d85\" data-element_type=\"widget\" data-widget_type=\"divider.default\">\n\t\t\t\t<div class=\"elementor-widget-container\">\n\t\t\t\t\t\t\t<div class=\"elementor-divider\">\n\t\t\t<span class=\"elementor-divider-separator\">\n\t\t\t\t\t\t<\/span>\n\t\t<\/div>\n\t\t\t\t\t\t<\/div>\n\t\t\t\t<\/div>\n\t\t\t\t<div class=\"elementor-element elementor-element-91c19f3 elementor-widget elementor-widget-text-editor\" data-id=\"91c19f3\" data-element_type=\"widget\" data-widget_type=\"text-editor.default\">\n\t\t\t\t<div class=\"elementor-widget-container\">\n\t\t\t\t\t\t\t\t\t<p>Michael Hjelvang er f\u00f8dt d. 8. januar 1974 og har en s\u00f8n fra 2007. Michael skriver en blog ved navn Barnets Tarv om sine subjektive oplevelser som skilsmissefor\u00e6lder i dagens Danmark \u2013 <a href=\"\/index.php\/blogindlaeg\/\">l\u00e6s bloggen<\/a>. Videre skiver Michael ogs\u00e5 p\u00e5 en autofiktiv roman. Michael fungerer i Barnets Tarv som erfaringsekspert og r\u00e5dgiver for andre, der m\u00e5tte have lyst til at st\u00e5 frem med deres historie. Michael kender til de tanker og f\u00f8lelser, der m\u00e5tte r\u00f8re sig i b\u00f8rnesagerne, og han ved fra sit eget liv, hvordan en skilsmisse kan v\u00e6re noget af det mest f\u00f8lelsesm\u00e6ssigt belastende og indgribende, der findes.<\/p><p><em>\u201cJeg tilbyder juridisk r\u00e5dgivning om eksempelvis for\u00e6ldremyndighed, bop\u00e6l og samv\u00e6r og jeg giver dig et indblik i de juridiske spilleregler og systemets m\u00e5de at t\u00e6nke p\u00e5. Videre ser jeg det som min vigtigste opgave at bidrage til at fokus holdes p\u00e5 det for\u00e6ldreskab, der stadig eksisterer, i stedet for det \u00e6gteskab, der er g\u00e5et i stykker.\u201d<\/em><\/p>\t\t\t\t\t\t\t\t<\/div>\n\t\t\t\t<\/div>\n\t\t\t\t<section class=\"elementor-section elementor-inner-section elementor-element elementor-element-f38285b elementor-section-boxed elementor-section-height-default elementor-section-height-default\" data-id=\"f38285b\" data-element_type=\"section\">\n\t\t\t\t\t\t<div class=\"elementor-container elementor-column-gap-default\">\n\t\t\t\t\t<div class=\"elementor-column elementor-col-50 elementor-inner-column elementor-element elementor-element-e191635\" data-id=\"e191635\" data-element_type=\"column\">\n\t\t\t<div class=\"elementor-widget-wrap elementor-element-populated\">\n\t\t\t\t\t\t<div class=\"elementor-element elementor-element-59b62bd8 elementor-widget elementor-widget-image\" data-id=\"59b62bd8\" data-element_type=\"widget\" data-widget_type=\"image.default\">\n\t\t\t\t<div class=\"elementor-widget-container\">\n\t\t\t\t\t\t\t\t\t\t\t\t\t\t\t<img fetchpriority=\"high\" decoding=\"async\" width=\"800\" height=\"534\" src=\"https:\/\/barnetstarv.com\/wp-content\/uploads\/2023\/12\/michael-hjelvang.jpg\" class=\"attachment-large size-large wp-image-17070\" alt=\"\" srcset=\"https:\/\/barnetstarv.com\/wp-content\/uploads\/2023\/12\/michael-hjelvang.jpg 1024w, https:\/\/barnetstarv.com\/wp-content\/uploads\/2023\/12\/michael-hjelvang-300x200.jpg 300w, https:\/\/barnetstarv.com\/wp-content\/uploads\/2023\/12\/michael-hjelvang-768x512.jpg 768w\" sizes=\"(max-width: 800px) 100vw, 800px\" \/>\t\t\t\t\t\t\t\t\t\t\t\t\t\t\t<\/div>\n\t\t\t\t<\/div>\n\t\t\t\t\t<\/div>\n\t\t<\/div>\n\t\t\t\t<div class=\"elementor-column elementor-col-50 elementor-inner-column elementor-element elementor-element-294868b\" data-id=\"294868b\" data-element_type=\"column\">\n\t\t\t<div class=\"elementor-widget-wrap elementor-element-populated\">\n\t\t\t\t\t\t<div class=\"elementor-element elementor-element-2a59cd9 elementor-widget elementor-widget-heading\" data-id=\"2a59cd9\" data-element_type=\"widget\" data-widget_type=\"heading.default\">\n\t\t\t\t<div class=\"elementor-widget-container\">\n\t\t\t\t\t<h3 class=\"elementor-heading-title elementor-size-default\">Michael Hjelvang<\/h3>\t\t\t\t<\/div>\n\t\t\t\t<\/div>\n\t\t\t\t<div class=\"elementor-element elementor-element-29f97fa elementor-widget elementor-widget-text-editor\" data-id=\"29f97fa\" data-element_type=\"widget\" data-widget_type=\"text-editor.default\">\n\t\t\t\t<div class=\"elementor-widget-container\">\n\t\t\t\t\t\t\t\t\t<div class=\"themestek-box-team-position\"><p>STIFTER<\/p><\/div><div class=\"themestek-teambox-email\"><a href=\"mailto:info@barnetstarv.com\"><i class=\"fa fa-envelope\"><\/i>\u00a0info@barnetstarv.com<\/a><\/div>\t\t\t\t\t\t\t\t<\/div>\n\t\t\t\t<\/div>\n\t\t\t\t<div class=\"elementor-element elementor-element-9f4d478 e-grid-align-left elementor-shape-rounded elementor-grid-0 elementor-widget elementor-widget-social-icons\" data-id=\"9f4d478\" data-element_type=\"widget\" data-widget_type=\"social-icons.default\">\n\t\t\t\t<div class=\"elementor-widget-container\">\n\t\t\t\t\t\t\t<div class=\"elementor-social-icons-wrapper elementor-grid\">\n\t\t\t\t\t\t\t<span class=\"elementor-grid-item\">\n\t\t\t\t\t<a class=\"elementor-icon elementor-social-icon elementor-social-icon-facebook elementor-repeater-item-ff11961\" href=\"https:\/\/www.facebook.com\/barnetstarv\/\" target=\"_blank\">\n\t\t\t\t\t\t<span class=\"elementor-screen-only\">Facebook<\/span>\n\t\t\t\t\t\t<svg class=\"e-font-icon-svg e-fab-facebook\" viewBox=\"0 0 512 512\" xmlns=\"http:\/\/www.w3.org\/2000\/svg\"><path d=\"M504 256C504 119 393 8 256 8S8 119 8 256c0 123.78 90.69 226.38 209.25 245V327.69h-63V256h63v-54.64c0-62.15 37-96.48 93.67-96.48 27.14 0 55.52 4.84 55.52 4.84v61h-31.28c-30.8 0-40.41 19.12-40.41 38.73V256h68.78l-11 71.69h-57.78V501C413.31 482.38 504 379.78 504 256z\"><\/path><\/svg>\t\t\t\t\t<\/a>\n\t\t\t\t<\/span>\n\t\t\t\t\t\t\t<span class=\"elementor-grid-item\">\n\t\t\t\t\t<a class=\"elementor-icon elementor-social-icon elementor-social-icon-linkedin elementor-repeater-item-83eecbc\" href=\"https:\/\/barnetstarv.com\/medarbejdere\/\" target=\"_blank\">\n\t\t\t\t\t\t<span class=\"elementor-screen-only\">Linkedin<\/span>\n\t\t\t\t\t\t<svg class=\"e-font-icon-svg e-fab-linkedin\" viewBox=\"0 0 448 512\" xmlns=\"http:\/\/www.w3.org\/2000\/svg\"><path d=\"M416 32H31.9C14.3 32 0 46.5 0 64.3v383.4C0 465.5 14.3 480 31.9 480H416c17.6 0 32-14.5 32-32.3V64.3c0-17.8-14.4-32.3-32-32.3zM135.4 416H69V202.2h66.5V416zm-33.2-243c-21.3 0-38.5-17.3-38.5-38.5S80.9 96 102.2 96c21.2 0 38.5 17.3 38.5 38.5 0 21.3-17.2 38.5-38.5 38.5zm282.1 243h-66.4V312c0-24.8-.5-56.7-34.5-56.7-34.6 0-39.9 27-39.9 54.9V416h-66.4V202.2h63.7v29.2h.9c8.9-16.8 30.6-34.5 62.9-34.5 67.2 0 79.7 44.3 79.7 101.9V416z\"><\/path><\/svg>\t\t\t\t\t<\/a>\n\t\t\t\t<\/span>\n\t\t\t\t\t<\/div>\n\t\t\t\t\t\t<\/div>\n\t\t\t\t<\/div>\n\t\t\t\t\t<\/div>\n\t\t<\/div>\n\t\t\t\t\t<\/div>\n\t\t<\/section>\n\t\t\t\t<div class=\"elementor-element elementor-element-647deba elementor-widget elementor-widget-heading\" data-id=\"647deba\" data-element_type=\"widget\" data-widget_type=\"heading.default\">\n\t\t\t\t<div class=\"elementor-widget-container\">\n\t\t\t\t\t<h3 class=\"elementor-heading-title elementor-size-default\">CV<\/h3>\t\t\t\t<\/div>\n\t\t\t\t<\/div>\n\t\t\t\t<div class=\"elementor-element elementor-element-4d62678 elementor-widget-divider--view-line elementor-widget elementor-widget-divider\" data-id=\"4d62678\" data-element_type=\"widget\" data-widget_type=\"divider.default\">\n\t\t\t\t<div class=\"elementor-widget-container\">\n\t\t\t\t\t\t\t<div class=\"elementor-divider\">\n\t\t\t<span class=\"elementor-divider-separator\">\n\t\t\t\t\t\t<\/span>\n\t\t<\/div>\n\t\t\t\t\t\t<\/div>\n\t\t\t\t<\/div>\n\t\t\t\t<div class=\"elementor-element elementor-element-64c2d4b elementor-widget elementor-widget-text-editor\" data-id=\"64c2d4b\" data-element_type=\"widget\" data-widget_type=\"text-editor.default\">\n\t\t\t\t<div class=\"elementor-widget-container\">\n\t\t\t\t\t\t\t\t\t<p>\u2022 Stifter af barnetstarv<br \/>\u2022 Alder 50 \u00e5r.<br \/>\u2022 Far til 2 b\u00f8rn.<br \/>\u2022 Gift med Mette Hjelvang<br \/>\u2022 Uddannet inden for salg, ledelse og kommunikation, r\u00e5dgivning.<br \/>\u2022 Forfatter til bogen &#8220;Frikendt&#8221;<br \/>\u2022 Fritidsinteresser: L\u00f8b &amp; tid med familien.<\/p>\t\t\t\t\t\t\t\t<\/div>\n\t\t\t\t<\/div>\n\t\t\t\t\t<\/div>\n\t\t<\/div>\n\t\t\t\t\t<\/div>\n\t\t<\/section>\n\t\t\t\t<\/div>\n\t\t","protected":false},"excerpt":{"rendered":"<p>Medarbejdere Michael Hjelvang Michael Hjelvang er f\u00f8dt d. 8. januar 1974 og har en s\u00f8n fra 2007. Michael skriver en blog ved navn Barnets Tarv om sine subjektive oplevelser som skilsmissefor\u00e6lder i dagens Danmark \u2013 l\u00e6s bloggen. Videre skiver Michael ogs\u00e5 p\u00e5 en autofiktiv roman. Michael fungerer i Barnets Tarv som erfaringsekspert og r\u00e5dgiver for [&hellip;]<\/p>\n","protected":false},"author":1,"featured_media":0,"parent":16812,"menu_order":0,"comment_status":"closed","ping_status":"closed","template":"","meta":{"footnotes":""},"class_list":["post-16834","page","type-page","status-publish","hentry"],"yoast_head":"<!-- This site is optimized with the Yoast SEO plugin v24.6 - https:\/\/yoast.com\/wordpress\/plugins\/seo\/ -->\n<title>Medarbejdere - Barnets Tarv<\/title>\n<meta name=\"robots\" content=\"index, follow, max-snippet:-1, max-image-preview:large, max-video-preview:-1\" \/>\n<link rel=\"canonical\" href=\"https:\/\/barnetstarv.com\/index.php\/om-os\/medarbejdere\/\" \/>\n<meta property=\"og:locale\" content=\"da_DK\" \/>\n<meta property=\"og:type\" content=\"article\" \/>\n<meta property=\"og:title\" content=\"Medarbejdere - Barnets Tarv\" \/>\n<meta property=\"og:description\" content=\"Medarbejdere Michael Hjelvang Michael Hjelvang er f\u00f8dt d. 8. januar 1974 og har en s\u00f8n fra 2007. Michael skriver en blog ved navn Barnets Tarv om sine subjektive oplevelser som skilsmissefor\u00e6lder i dagens Danmark \u2013 l\u00e6s bloggen. Videre skiver Michael ogs\u00e5 p\u00e5 en autofiktiv roman. Michael fungerer i Barnets Tarv som erfaringsekspert og r\u00e5dgiver for [&hellip;]\" \/>\n<meta property=\"og:url\" content=\"https:\/\/barnetstarv.com\/index.php\/om-os\/medarbejdere\/\" \/>\n<meta property=\"og:site_name\" content=\"Barnets Tarv\" \/>\n<meta property=\"article:publisher\" content=\"https:\/\/www.facebook.com\/barnetstarv\/\" \/>\n<meta property=\"article:modified_time\" content=\"2024-11-19T08:29:47+00:00\" \/>\n<meta property=\"og:image\" content=\"https:\/\/barnetstarv.com\/wp-content\/uploads\/2023\/12\/michael-hjelvang.jpg\" \/>\n<meta name=\"twitter:card\" content=\"summary_large_image\" \/>\n<meta name=\"twitter:label1\" content=\"Estimeret l\u00e6setid\" \/>\n\t<meta name=\"twitter:data1\" content=\"2 minutter\" \/>\n<script type=\"application\/ld+json\" class=\"yoast-schema-graph\">{\"@context\":\"https:\/\/schema.org\",\"@graph\":[{\"@type\":\"WebPage\",\"@id\":\"https:\/\/barnetstarv.com\/index.php\/om-os\/medarbejdere\/\",\"url\":\"https:\/\/barnetstarv.com\/index.php\/om-os\/medarbejdere\/\",\"name\":\"Medarbejdere - Barnets Tarv\",\"isPartOf\":{\"@id\":\"https:\/\/barnetstarv.com\/#website\"},\"primaryImageOfPage\":{\"@id\":\"https:\/\/barnetstarv.com\/index.php\/om-os\/medarbejdere\/#primaryimage\"},\"image\":{\"@id\":\"https:\/\/barnetstarv.com\/index.php\/om-os\/medarbejdere\/#primaryimage\"},\"thumbnailUrl\":\"https:\/\/barnetstarv.com\/wp-content\/uploads\/2023\/12\/michael-hjelvang.jpg\",\"datePublished\":\"2023-12-05T14:45:40+00:00\",\"dateModified\":\"2024-11-19T08:29:47+00:00\",\"breadcrumb\":{\"@id\":\"https:\/\/barnetstarv.com\/index.php\/om-os\/medarbejdere\/#breadcrumb\"},\"inLanguage\":\"da-DK\",\"potentialAction\":[{\"@type\":\"ReadAction\",\"target\":[\"https:\/\/barnetstarv.com\/index.php\/om-os\/medarbejdere\/\"]}]},{\"@type\":\"ImageObject\",\"inLanguage\":\"da-DK\",\"@id\":\"https:\/\/barnetstarv.com\/index.php\/om-os\/medarbejdere\/#primaryimage\",\"url\":\"https:\/\/barnetstarv.com\/wp-content\/uploads\/2023\/12\/michael-hjelvang.jpg\",\"contentUrl\":\"https:\/\/barnetstarv.com\/wp-content\/uploads\/2023\/12\/michael-hjelvang.jpg\",\"width\":1024,\"height\":683},{\"@type\":\"BreadcrumbList\",\"@id\":\"https:\/\/barnetstarv.com\/index.php\/om-os\/medarbejdere\/#breadcrumb\",\"itemListElement\":[{\"@type\":\"ListItem\",\"position\":1,\"name\":\"Hjem\",\"item\":\"https:\/\/barnetstarv.com\/\"},{\"@type\":\"ListItem\",\"position\":2,\"name\":\"Om os\",\"item\":\"https:\/\/barnetstarv.com\/index.php\/om-os\/\"},{\"@type\":\"ListItem\",\"position\":3,\"name\":\"Medarbejdere\"}]},{\"@type\":\"WebSite\",\"@id\":\"https:\/\/barnetstarv.com\/#website\",\"url\":\"https:\/\/barnetstarv.com\/\",\"name\":\"Barnets Tarv\",\"description\":\"\",\"publisher\":{\"@id\":\"https:\/\/barnetstarv.com\/#organization\"},\"potentialAction\":[{\"@type\":\"SearchAction\",\"target\":{\"@type\":\"EntryPoint\",\"urlTemplate\":\"https:\/\/barnetstarv.com\/?s={search_term_string}\"},\"query-input\":{\"@type\":\"PropertyValueSpecification\",\"valueRequired\":true,\"valueName\":\"search_term_string\"}}],\"inLanguage\":\"da-DK\"},{\"@type\":\"Organization\",\"@id\":\"https:\/\/barnetstarv.com\/#organization\",\"name\":\"Barnets Tarv\",\"url\":\"https:\/\/barnetstarv.com\/\",\"logo\":{\"@type\":\"ImageObject\",\"inLanguage\":\"da-DK\",\"@id\":\"https:\/\/barnetstarv.com\/#\/schema\/logo\/image\/\",\"url\":\"https:\/\/barnetstarv.com\/wp-content\/uploads\/2023\/12\/barnets_tarv_logo_2023_V1.jpg\",\"contentUrl\":\"https:\/\/barnetstarv.com\/wp-content\/uploads\/2023\/12\/barnets_tarv_logo_2023_V1.jpg\",\"width\":914,\"height\":256,\"caption\":\"Barnets Tarv\"},\"image\":{\"@id\":\"https:\/\/barnetstarv.com\/#\/schema\/logo\/image\/\"},\"sameAs\":[\"https:\/\/www.facebook.com\/barnetstarv\/\"]}]}<\/script>\n<!-- \/ Yoast SEO plugin. -->","yoast_head_json":{"title":"Medarbejdere - Barnets Tarv","robots":{"index":"index","follow":"follow","max-snippet":"max-snippet:-1","max-image-preview":"max-image-preview:large","max-video-preview":"max-video-preview:-1"},"canonical":"https:\/\/barnetstarv.com\/index.php\/om-os\/medarbejdere\/","og_locale":"da_DK","og_type":"article","og_title":"Medarbejdere - Barnets Tarv","og_description":"Medarbejdere Michael Hjelvang Michael Hjelvang er f\u00f8dt d. 8. januar 1974 og har en s\u00f8n fra 2007. Michael skriver en blog ved navn Barnets Tarv om sine subjektive oplevelser som skilsmissefor\u00e6lder i dagens Danmark \u2013 l\u00e6s bloggen. Videre skiver Michael ogs\u00e5 p\u00e5 en autofiktiv roman. Michael fungerer i Barnets Tarv som erfaringsekspert og r\u00e5dgiver for [&hellip;]","og_url":"https:\/\/barnetstarv.com\/index.php\/om-os\/medarbejdere\/","og_site_name":"Barnets Tarv","article_publisher":"https:\/\/www.facebook.com\/barnetstarv\/","article_modified_time":"2024-11-19T08:29:47+00:00","og_image":[{"url":"https:\/\/barnetstarv.com\/wp-content\/uploads\/2023\/12\/michael-hjelvang.jpg","type":"","width":"","height":""}],"twitter_card":"summary_large_image","twitter_misc":{"Estimeret l\u00e6setid":"2 minutter"},"schema":{"@context":"https:\/\/schema.org","@graph":[{"@type":"WebPage","@id":"https:\/\/barnetstarv.com\/index.php\/om-os\/medarbejdere\/","url":"https:\/\/barnetstarv.com\/index.php\/om-os\/medarbejdere\/","name":"Medarbejdere - Barnets Tarv","isPartOf":{"@id":"https:\/\/barnetstarv.com\/#website"},"primaryImageOfPage":{"@id":"https:\/\/barnetstarv.com\/index.php\/om-os\/medarbejdere\/#primaryimage"},"image":{"@id":"https:\/\/barnetstarv.com\/index.php\/om-os\/medarbejdere\/#primaryimage"},"thumbnailUrl":"https:\/\/barnetstarv.com\/wp-content\/uploads\/2023\/12\/michael-hjelvang.jpg","datePublished":"2023-12-05T14:45:40+00:00","dateModified":"2024-11-19T08:29:47+00:00","breadcrumb":{"@id":"https:\/\/barnetstarv.com\/index.php\/om-os\/medarbejdere\/#breadcrumb"},"inLanguage":"da-DK","potentialAction":[{"@type":"ReadAction","target":["https:\/\/barnetstarv.com\/index.php\/om-os\/medarbejdere\/"]}]},{"@type":"ImageObject","inLanguage":"da-DK","@id":"https:\/\/barnetstarv.com\/index.php\/om-os\/medarbejdere\/#primaryimage","url":"https:\/\/barnetstarv.com\/wp-content\/uploads\/2023\/12\/michael-hjelvang.jpg","contentUrl":"https:\/\/barnetstarv.com\/wp-content\/uploads\/2023\/12\/michael-hjelvang.jpg","width":1024,"height":683},{"@type":"BreadcrumbList","@id":"https:\/\/barnetstarv.com\/index.php\/om-os\/medarbejdere\/#breadcrumb","itemListElement":[{"@type":"ListItem","position":1,"name":"Hjem","item":"https:\/\/barnetstarv.com\/"},{"@type":"ListItem","position":2,"name":"Om os","item":"https:\/\/barnetstarv.com\/index.php\/om-os\/"},{"@type":"ListItem","position":3,"name":"Medarbejdere"}]},{"@type":"WebSite","@id":"https:\/\/barnetstarv.com\/#website","url":"https:\/\/barnetstarv.com\/","name":"Barnets Tarv","description":"","publisher":{"@id":"https:\/\/barnetstarv.com\/#organization"},"potentialAction":[{"@type":"SearchAction","target":{"@type":"EntryPoint","urlTemplate":"https:\/\/barnetstarv.com\/?s={search_term_string}"},"query-input":{"@type":"PropertyValueSpecification","valueRequired":true,"valueName":"search_term_string"}}],"inLanguage":"da-DK"},{"@type":"Organization","@id":"https:\/\/barnetstarv.com\/#organization","name":"Barnets Tarv","url":"https:\/\/barnetstarv.com\/","logo":{"@type":"ImageObject","inLanguage":"da-DK","@id":"https:\/\/barnetstarv.com\/#\/schema\/logo\/image\/","url":"https:\/\/barnetstarv.com\/wp-content\/uploads\/2023\/12\/barnets_tarv_logo_2023_V1.jpg","contentUrl":"https:\/\/barnetstarv.com\/wp-content\/uploads\/2023\/12\/barnets_tarv_logo_2023_V1.jpg","width":914,"height":256,"caption":"Barnets Tarv"},"image":{"@id":"https:\/\/barnetstarv.com\/#\/schema\/logo\/image\/"},"sameAs":["https:\/\/www.facebook.com\/barnetstarv\/"]}]}},"_links":{"self":[{"href":"https:\/\/barnetstarv.com\/index.php\/wp-json\/wp\/v2\/pages\/16834","targetHints":{"allow":["GET"]}}],"collection":[{"href":"https:\/\/barnetstarv.com\/index.php\/wp-json\/wp\/v2\/pages"}],"about":[{"href":"https:\/\/barnetstarv.com\/index.php\/wp-json\/wp\/v2\/types\/page"}],"author":[{"embeddable":true,"href":"https:\/\/barnetstarv.com\/index.php\/wp-json\/wp\/v2\/users\/1"}],"replies":[{"embeddable":true,"href":"https:\/\/barnetstarv.com\/index.php\/wp-json\/wp\/v2\/comments?post=16834"}],"version-history":[{"count":16,"href":"https:\/\/barnetstarv.com\/index.php\/wp-json\/wp\/v2\/pages\/16834\/revisions"}],"predecessor-version":[{"id":17166,"href":"https:\/\/barnetstarv.com\/index.php\/wp-json\/wp\/v2\/pages\/16834\/revisions\/17166"}],"up":[{"embeddable":true,"href":"https:\/\/barnetstarv.com\/index.php\/wp-json\/wp\/v2\/pages\/16812"}],"wp:attachment":[{"href":"https:\/\/barnetstarv.com\/index.php\/wp-json\/wp\/v2\/media?parent=16834"}],"curies":[{"name":"wp","href":"https:\/\/api.w.org\/{rel}","templated":true}]}}