{"id":16836,"date":"2023-12-05T14:45:54","date_gmt":"2023-12-05T14:45:54","guid":{"rendered":"http:\/\/46.4.121.70\/~barnetst\/nyside\/?page_id=16836"},"modified":"2024-11-24T12:23:43","modified_gmt":"2024-11-24T12:23:43","slug":"vaerdier","status":"publish","type":"page","link":"https:\/\/barnetstarv.com\/index.php\/om-os\/vaerdier\/","title":{"rendered":"V\u00e6rdier"},"content":{"rendered":"\t\t<div data-elementor-type=\"wp-page\" data-elementor-id=\"16836\" class=\"elementor elementor-16836\">\n\t\t\t\t\t\t<section class=\"elementor-section elementor-top-section elementor-element elementor-element-3f66e1f1 elementor-section-boxed elementor-section-height-default elementor-section-height-default\" data-id=\"3f66e1f1\" data-element_type=\"section\">\n\t\t\t\t\t\t<div class=\"elementor-container elementor-column-gap-default\">\n\t\t\t\t\t<div class=\"elementor-column elementor-col-100 elementor-top-column elementor-element elementor-element-5d95b1c7\" data-id=\"5d95b1c7\" data-element_type=\"column\">\n\t\t\t<div class=\"elementor-widget-wrap elementor-element-populated\">\n\t\t\t\t\t\t<div class=\"elementor-element elementor-element-ad7ea11 elementor-widget elementor-widget-heading\" data-id=\"ad7ea11\" data-element_type=\"widget\" data-widget_type=\"heading.default\">\n\t\t\t\t<div class=\"elementor-widget-container\">\n\t\t\t\t\t<h3 class=\"elementor-heading-title elementor-size-default\">V\u00e6rdier<\/h3>\t\t\t\t<\/div>\n\t\t\t\t<\/div>\n\t\t\t\t<div class=\"elementor-element elementor-element-223488 elementor-widget elementor-widget-text-editor\" data-id=\"223488\" data-element_type=\"widget\" data-widget_type=\"text-editor.default\">\n\t\t\t\t<div class=\"elementor-widget-container\">\n\t\t\t\t\t\t\t\t\t<p>Hos Barnets Tarv har vi tre grundl\u00e6ggende kernev\u00e6rdier:<\/p>\t\t\t\t\t\t\t\t<\/div>\n\t\t\t\t<\/div>\n\t\t\t\t<div class=\"elementor-element elementor-element-ccc0496 elementor-widget elementor-widget-text-editor\" data-id=\"ccc0496\" data-element_type=\"widget\" data-widget_type=\"text-editor.default\">\n\t\t\t\t<div class=\"elementor-widget-container\">\n\t\t\t\t\t\t\t\t\t<p><em>Et barn har ret til to for\u00e6ldre<\/em><\/p>\t\t\t\t\t\t\t\t<\/div>\n\t\t\t\t<\/div>\n\t\t\t\t<div class=\"elementor-element elementor-element-78faaa1 elementor-widget elementor-widget-text-editor\" data-id=\"78faaa1\" data-element_type=\"widget\" data-widget_type=\"text-editor.default\">\n\t\t\t\t<div class=\"elementor-widget-container\">\n\t\t\t\t\t\t\t\t\t<p>Afg\u00f8rende for al hj\u00e6lpekunst er, at m\u00f8de mennesker hvor de er<\/p>\t\t\t\t\t\t\t\t<\/div>\n\t\t\t\t<\/div>\n\t\t\t\t<div class=\"elementor-element elementor-element-4002aca elementor-widget elementor-widget-text-editor\" data-id=\"4002aca\" data-element_type=\"widget\" data-widget_type=\"text-editor.default\">\n\t\t\t\t<div class=\"elementor-widget-container\">\n\t\t\t\t\t\t\t\t\t<p>Hj\u00e6lp til for\u00e6ldrene er den bedste h\u00e5ndsr\u00e6kning, et barn kan f\u00e5<\/p>\t\t\t\t\t\t\t\t<\/div>\n\t\t\t\t<\/div>\n\t\t\t\t<div class=\"elementor-element elementor-element-0411f02 elementor-widget elementor-widget-heading\" data-id=\"0411f02\" data-element_type=\"widget\" data-widget_type=\"heading.default\">\n\t\t\t\t<div class=\"elementor-widget-container\">\n\t\t\t\t\t<h3 class=\"elementor-heading-title elementor-size-default\">Et barn har ret til to for\u00e6ldre<\/h3>\t\t\t\t<\/div>\n\t\t\t\t<\/div>\n\t\t\t\t<div class=\"elementor-element elementor-element-9e569f3 elementor-widget elementor-widget-text-editor\" data-id=\"9e569f3\" data-element_type=\"widget\" data-widget_type=\"text-editor.default\">\n\t\t\t\t<div class=\"elementor-widget-container\">\n\t\t\t\t\t\t\t\t\t<p>Vi er i Barnets Tarv k\u00f8nsneutrale. Vi k\u00e6mper ikke for m\u00f8dres rettigheder. Og vi k\u00e6mper ikke for f\u00e6dres rettigheder. Vi k\u00e6mper for barnets ret til en mor og en far. Og vi k\u00e6mper for barnets ret til at blive set, h\u00f8rt og anerkendt som menneske.<\/p><p>Noget vi gennem de seneste \u00e5r er begyndt at debattere, er den s\u00e5kaldte \u201cfor\u00e6ldrefremmedg\u00f8relse\u201d, som kendetegnes ved, at den ene for\u00e6lder, gennem en vedvarende og negativ p\u00e5virkning, fors\u00f8ger at vende barnet imod den anden for\u00e6lder. Og hos Barnets Tarv k\u00e6mper vi for netop at f\u00e5 sat fokus p\u00e5 denne fremmedg\u00f8relse barn og for\u00e6lder imellem \u2013 og p\u00e5 at komme den til livs.<\/p><p>Endelig er det vigtigt for os at sl\u00e5 fast, at vi i Barnets Tarv fuldt ud anerkender, at der kan v\u00e6re sager, hvor det er bedst for barnet med en yderst begr\u00e6nset kontakt til den ene for\u00e6lder. Om det er en mor eller en far er for os underordnet. Afg\u00f8rende er, at det kraftigt reducerede samv\u00e6r kun fasts\u00e6ttes i de helt s\u00e6rlige sager, hvor den ene for\u00e6lder er til direkte skade for barnet. I Barnets Tarv mener vi, at et barn er et produkt af begge sine for\u00e6lder. Og vi tror derfor ikke p\u00e5, at der kommer noget godt ud af helt at afsk\u00e6re kontakten mellem for\u00e6lder og barn. Samv\u00e6r kan g\u00f8res overv\u00e5get og det kan neds\u00e6ttes til f\u00e5 timer om ugen eller om m\u00e5neden. Men helt at forhindre barnet i at se en mor eller far, mener vi i Barnets Tarv ikke er l\u00f8sningen. I de situationer hvor barnet ikke selv \u00f8nsker at se en mor eller far, mener vi, at barnet skal hj\u00e6lpes p\u00e5 vej til langsomt at genetablere kontakten til den for\u00e6lder, barnet m\u00e5tte v\u00e6re gledet v\u00e6k fra. Fastholder barnet, at det ikke vil se sin mor eller far, tror vi ikke p\u00e5, at tvang nogensinde kan v\u00e6re l\u00f8sningen -og vi anerkender fuldt ud, at b\u00f8rn er eksperter i deres eget liv. Samtidig mener vi, at det efter en kortere eller l\u00e6ngere periode uden samv\u00e6r, er vigtigt igen at pr\u00f8ve at skabe en kontakt mellem barn og for\u00e6lder.<\/p>\t\t\t\t\t\t\t\t<\/div>\n\t\t\t\t<\/div>\n\t\t\t\t<div class=\"elementor-element elementor-element-ac92195 elementor-widget elementor-widget-heading\" data-id=\"ac92195\" data-element_type=\"widget\" data-widget_type=\"heading.default\">\n\t\t\t\t<div class=\"elementor-widget-container\">\n\t\t\t\t\t<h3 class=\"elementor-heading-title elementor-size-default\">Afg\u00f8rende for al hj\u00e6lpekunst er, at m\u00f8de mennesker hvor de er<\/h3>\t\t\t\t<\/div>\n\t\t\t\t<\/div>\n\t\t\t\t<div class=\"elementor-element elementor-element-dc7629a elementor-widget elementor-widget-text-editor\" data-id=\"dc7629a\" data-element_type=\"widget\" data-widget_type=\"text-editor.default\">\n\t\t\t\t<div class=\"elementor-widget-container\">\n\t\t\t\t\t\t\t\t\t<p>Afg\u00f8rende for al hj\u00e6lpekunst er \u2013 som anf\u00f8rt nedenfor af S\u00f8ren Kierkegaard -at m\u00f8de mennesker, hvor de er. Og det er en af kernev\u00e6rdierne i Barnets Tarv:<\/p>\t\t\t\t\t\t\t\t<\/div>\n\t\t\t\t<\/div>\n\t\t\t\t<section class=\"elementor-section elementor-inner-section elementor-element elementor-element-72a238f elementor-section-boxed elementor-section-height-default elementor-section-height-default\" data-id=\"72a238f\" data-element_type=\"section\">\n\t\t\t\t\t\t<div class=\"elementor-container elementor-column-gap-default\">\n\t\t\t\t\t<div class=\"elementor-column elementor-col-50 elementor-inner-column elementor-element elementor-element-7899320\" data-id=\"7899320\" data-element_type=\"column\">\n\t\t\t<div class=\"elementor-widget-wrap elementor-element-populated\">\n\t\t\t\t\t\t<div class=\"elementor-element elementor-element-f8aee64 elementor-widget elementor-widget-image\" data-id=\"f8aee64\" data-element_type=\"widget\" data-widget_type=\"image.default\">\n\t\t\t\t<div class=\"elementor-widget-container\">\n\t\t\t\t\t\t\t\t\t\t\t\t\t\t\t<img fetchpriority=\"high\" decoding=\"async\" width=\"199\" height=\"299\" src=\"https:\/\/barnetstarv.com\/wp-content\/uploads\/2023\/12\/sc3b8ren-kierkegaard.png\" class=\"attachment-large size-large wp-image-17064\" alt=\"\" \/>\t\t\t\t\t\t\t\t\t\t\t\t\t\t\t<\/div>\n\t\t\t\t<\/div>\n\t\t\t\t<div class=\"elementor-element elementor-element-c05dfef elementor-widget elementor-widget-text-editor\" data-id=\"c05dfef\" data-element_type=\"widget\" data-widget_type=\"text-editor.default\">\n\t\t\t\t<div class=\"elementor-widget-container\">\n\t\t\t\t\t\t\t\t\t<p>S\u00f8ren Aabye Kierkegaard<br \/>5. maj 1813 \u2013 11. november 1855<\/p>\t\t\t\t\t\t\t\t<\/div>\n\t\t\t\t<\/div>\n\t\t\t\t\t<\/div>\n\t\t<\/div>\n\t\t\t\t<div class=\"elementor-column elementor-col-50 elementor-inner-column elementor-element elementor-element-e810c29\" data-id=\"e810c29\" data-element_type=\"column\">\n\t\t\t<div class=\"elementor-widget-wrap elementor-element-populated\">\n\t\t\t\t\t\t<div class=\"elementor-element elementor-element-f84cbcb elementor-widget elementor-widget-text-editor\" data-id=\"f84cbcb\" data-element_type=\"widget\" data-widget_type=\"text-editor.default\">\n\t\t\t\t<div class=\"elementor-widget-container\">\n\t\t\t\t\t\t\t\t\t<div class=\"themestek-row wpb_row vc_row-fluid themestek-total-col-2 themestek-zindex-0 vc_row container themestek-bgimage-position-center_center vc_row-o-content-middle\"><div class=\"vc_row-o-equal-height vc_row-flex\"><div class=\"themestek-column wpb_column vc_column_container vc_col-sm-8 themestek-zindex-0\"><div class=\"vc_column-inner  \"><div class=\"wpb_wrapper\"><div class=\"wpb_text_column wpb_content_element \"><div class=\"wpb_wrapper\"><p>\u201cHvis det i sandhed skal lykkes at f\u00f8re et menneske hen til et bestemt sted, m\u00e5 man f\u00f8rst og fremmest passe p\u00e5 at finde ham der, hvor han er, og begynde der.<\/p><p>Dette er hemmeligheden i al hj\u00e6lpekunst. Enhver der ikke kan det, han er selv i indbildning, n\u00e5r han mener at kunne hj\u00e6lpe en anden. For i sandhed at kunne hj\u00e6lpe en anden m\u00e5 jeg forst\u00e5 mere end han, men dog ved f\u00f8rst at fremmest at forst\u00e5 det, han forst\u00e5r.<\/p><p>N\u00e5r jeg ikke g\u00f8r det, s\u00e5 hj\u00e6lper min merforst\u00e5en ham slet ikke. Vil jeg alligevel g\u00f8re min merforst\u00e5en g\u00e6ldende, s\u00e5 er det fordi jeg er forf\u00e6ngelig og stolt, s\u00e5 jeg i grunden i stedet for at gavne ham egentlig vil beundres af ham.<\/p><p>Men al sand hj\u00e6lp begynder med ydmygelse. Hj\u00e6lperen m\u00e5 f\u00f8rst ydmyge sig under dem, han vil hj\u00e6lpe, og hermed forst\u00e5 at det at hj\u00e6lpe ikke er at herske, men det er at tjene, at det at hj\u00e6lpe er villighed til, indtil videre at finde sig i at have uret og i ikke at forst\u00e5 hvad den anden forst\u00e5r.<\/p><p>Dersom du ikke kan begynde s\u00e5ledes med et menneske, at han kan finde en sand lindring i at tale med dig om sin lidelse, s\u00e5 kan du heller ikke hj\u00e6lpe ham, han lukker sig for dig, han lukker sig inde i sit inderste \u201cpr\u00e6k du s\u00e5 kun for ham!\u201d<\/p><\/div><\/div><\/div><\/div><\/div><\/div><\/div><div class=\"themestek-row wpb_row vc_row-fluid themestek-total-col-1 themestek-zindex-0 vc_row container themestek-bgimage-position-center_center\"><div class=\"themestek-column wpb_column vc_column_container vc_col-sm-12 themestek-zindex-0\"><div class=\"vc_column-inner  \"><div class=\"wpb_wrapper\"><div class=\"wpb_text_column wpb_content_element \"><div class=\"wpb_wrapper\"><p>I Barnets Tarv g\u00f8r vi os umage for at l\u00e6re og forst\u00e5 den situation, som netop du m\u00e5tte befinde dig i.<\/p><\/div><\/div><\/div><\/div><\/div><\/div>\t\t\t\t\t\t\t\t<\/div>\n\t\t\t\t<\/div>\n\t\t\t\t\t<\/div>\n\t\t<\/div>\n\t\t\t\t\t<\/div>\n\t\t<\/section>\n\t\t\t\t<div class=\"elementor-element elementor-element-d1d2f91 elementor-widget elementor-widget-heading\" data-id=\"d1d2f91\" data-element_type=\"widget\" data-widget_type=\"heading.default\">\n\t\t\t\t<div class=\"elementor-widget-container\">\n\t\t\t\t\t<h3 class=\"elementor-heading-title elementor-size-default\">Hj\u00e6lp til for\u00e6ldrene er den bedste h\u00e5ndsr\u00e6kning, et barn kan f\u00e5<\/h3>\t\t\t\t<\/div>\n\t\t\t\t<\/div>\n\t\t\t\t<div class=\"elementor-element elementor-element-a7f2944 elementor-widget elementor-widget-text-editor\" data-id=\"a7f2944\" data-element_type=\"widget\" data-widget_type=\"text-editor.default\">\n\t\t\t\t<div class=\"elementor-widget-container\">\n\t\t\t\t\t\t\t\t\t<p>I Barnets Tarv har vi fokus p\u00e5 at yde r\u00e5dgivning direkte til for\u00e6ldrene \u2013 og ikke gennem b\u00f8rnene. Vi anerkender fuldt ud at ogs\u00e5 b\u00f8rn kan have et stort behov for at tale med udenforst\u00e5ende, men for ikke at gabe over det hele (med det halve resultat) har vi i Barnets Tarv valgt at holde fokus p\u00e5 at hj\u00e6lpe b\u00f8rnene gennem deres for\u00e6ldre. Det betyder ikke, at vi ikke kan hj\u00e6lpe med at udpege en tredjeperson, som dit barn med fordel kan tale med. Det kan v\u00e6re et familiemedlem, en ven, en nabo, en l\u00e6rer og det kan ogs\u00e5 v\u00e6re en fagperson. Er det dit \u00f8nske, at vi taler med tredjepersonen, g\u00f8r vi ogs\u00e5 meget gerne det. Men vi tager ikke direkte kontakt til dit barn. Og vi tilbyder ikke r\u00e5dgivning og psykologhj\u00e6lp til b\u00f8rn.<\/p>\t\t\t\t\t\t\t\t<\/div>\n\t\t\t\t<\/div>\n\t\t\t\t\t<\/div>\n\t\t<\/div>\n\t\t\t\t\t<\/div>\n\t\t<\/section>\n\t\t\t\t<\/div>\n\t\t","protected":false},"excerpt":{"rendered":"<p>V\u00e6rdier Hos Barnets Tarv har vi tre grundl\u00e6ggende kernev\u00e6rdier: Et barn har ret til to for\u00e6ldre Afg\u00f8rende for al hj\u00e6lpekunst er, at m\u00f8de mennesker hvor de er Hj\u00e6lp til for\u00e6ldrene er den bedste h\u00e5ndsr\u00e6kning, et barn kan f\u00e5 Et barn har ret til to for\u00e6ldre Vi er i Barnets Tarv k\u00f8nsneutrale. Vi k\u00e6mper ikke for [&hellip;]<\/p>\n","protected":false},"author":1,"featured_media":0,"parent":16812,"menu_order":1,"comment_status":"closed","ping_status":"closed","template":"","meta":{"footnotes":""},"class_list":["post-16836","page","type-page","status-publish","hentry"],"yoast_head":"<!-- This site is optimized with the Yoast SEO plugin v24.6 - https:\/\/yoast.com\/wordpress\/plugins\/seo\/ -->\n<title>V\u00e6rdier - Barnets Tarv<\/title>\n<meta name=\"robots\" content=\"index, follow, max-snippet:-1, max-image-preview:large, max-video-preview:-1\" \/>\n<link rel=\"canonical\" href=\"https:\/\/barnetstarv.com\/index.php\/om-os\/vaerdier\/\" \/>\n<meta property=\"og:locale\" content=\"da_DK\" \/>\n<meta property=\"og:type\" content=\"article\" \/>\n<meta property=\"og:title\" content=\"V\u00e6rdier - Barnets Tarv\" \/>\n<meta property=\"og:description\" content=\"V\u00e6rdier Hos Barnets Tarv har vi tre grundl\u00e6ggende kernev\u00e6rdier: Et barn har ret til to for\u00e6ldre Afg\u00f8rende for al hj\u00e6lpekunst er, at m\u00f8de mennesker hvor de er Hj\u00e6lp til for\u00e6ldrene er den bedste h\u00e5ndsr\u00e6kning, et barn kan f\u00e5 Et barn har ret til to for\u00e6ldre Vi er i Barnets Tarv k\u00f8nsneutrale. Vi k\u00e6mper ikke for [&hellip;]\" \/>\n<meta property=\"og:url\" content=\"https:\/\/barnetstarv.com\/index.php\/om-os\/vaerdier\/\" \/>\n<meta property=\"og:site_name\" content=\"Barnets Tarv\" \/>\n<meta property=\"article:publisher\" content=\"https:\/\/www.facebook.com\/barnetstarv\/\" \/>\n<meta property=\"article:modified_time\" content=\"2024-11-24T12:23:43+00:00\" \/>\n<meta property=\"og:image\" content=\"https:\/\/barnetstarv.com\/wp-content\/uploads\/2023\/12\/sc3b8ren-kierkegaard.png\" \/>\n\t<meta property=\"og:image:width\" content=\"199\" \/>\n\t<meta property=\"og:image:height\" content=\"299\" \/>\n\t<meta property=\"og:image:type\" content=\"image\/png\" \/>\n<meta name=\"twitter:card\" content=\"summary_large_image\" \/>\n<meta name=\"twitter:label1\" content=\"Estimeret l\u00e6setid\" \/>\n\t<meta name=\"twitter:data1\" content=\"5 minutter\" \/>\n<script type=\"application\/ld+json\" class=\"yoast-schema-graph\">{\"@context\":\"https:\/\/schema.org\",\"@graph\":[{\"@type\":\"WebPage\",\"@id\":\"https:\/\/barnetstarv.com\/index.php\/om-os\/vaerdier\/\",\"url\":\"https:\/\/barnetstarv.com\/index.php\/om-os\/vaerdier\/\",\"name\":\"V\u00e6rdier - Barnets Tarv\",\"isPartOf\":{\"@id\":\"https:\/\/barnetstarv.com\/#website\"},\"primaryImageOfPage\":{\"@id\":\"https:\/\/barnetstarv.com\/index.php\/om-os\/vaerdier\/#primaryimage\"},\"image\":{\"@id\":\"https:\/\/barnetstarv.com\/index.php\/om-os\/vaerdier\/#primaryimage\"},\"thumbnailUrl\":\"https:\/\/barnetstarv.com\/wp-content\/uploads\/2023\/12\/sc3b8ren-kierkegaard.png\",\"datePublished\":\"2023-12-05T14:45:54+00:00\",\"dateModified\":\"2024-11-24T12:23:43+00:00\",\"breadcrumb\":{\"@id\":\"https:\/\/barnetstarv.com\/index.php\/om-os\/vaerdier\/#breadcrumb\"},\"inLanguage\":\"da-DK\",\"potentialAction\":[{\"@type\":\"ReadAction\",\"target\":[\"https:\/\/barnetstarv.com\/index.php\/om-os\/vaerdier\/\"]}]},{\"@type\":\"ImageObject\",\"inLanguage\":\"da-DK\",\"@id\":\"https:\/\/barnetstarv.com\/index.php\/om-os\/vaerdier\/#primaryimage\",\"url\":\"https:\/\/barnetstarv.com\/wp-content\/uploads\/2023\/12\/sc3b8ren-kierkegaard.png\",\"contentUrl\":\"https:\/\/barnetstarv.com\/wp-content\/uploads\/2023\/12\/sc3b8ren-kierkegaard.png\",\"width\":199,\"height\":299},{\"@type\":\"BreadcrumbList\",\"@id\":\"https:\/\/barnetstarv.com\/index.php\/om-os\/vaerdier\/#breadcrumb\",\"itemListElement\":[{\"@type\":\"ListItem\",\"position\":1,\"name\":\"Hjem\",\"item\":\"https:\/\/barnetstarv.com\/\"},{\"@type\":\"ListItem\",\"position\":2,\"name\":\"Om os\",\"item\":\"https:\/\/barnetstarv.com\/index.php\/om-os\/\"},{\"@type\":\"ListItem\",\"position\":3,\"name\":\"V\u00e6rdier\"}]},{\"@type\":\"WebSite\",\"@id\":\"https:\/\/barnetstarv.com\/#website\",\"url\":\"https:\/\/barnetstarv.com\/\",\"name\":\"Barnets Tarv\",\"description\":\"\",\"publisher\":{\"@id\":\"https:\/\/barnetstarv.com\/#organization\"},\"potentialAction\":[{\"@type\":\"SearchAction\",\"target\":{\"@type\":\"EntryPoint\",\"urlTemplate\":\"https:\/\/barnetstarv.com\/?s={search_term_string}\"},\"query-input\":{\"@type\":\"PropertyValueSpecification\",\"valueRequired\":true,\"valueName\":\"search_term_string\"}}],\"inLanguage\":\"da-DK\"},{\"@type\":\"Organization\",\"@id\":\"https:\/\/barnetstarv.com\/#organization\",\"name\":\"Barnets Tarv\",\"url\":\"https:\/\/barnetstarv.com\/\",\"logo\":{\"@type\":\"ImageObject\",\"inLanguage\":\"da-DK\",\"@id\":\"https:\/\/barnetstarv.com\/#\/schema\/logo\/image\/\",\"url\":\"https:\/\/barnetstarv.com\/wp-content\/uploads\/2023\/12\/barnets_tarv_logo_2023_V1.jpg\",\"contentUrl\":\"https:\/\/barnetstarv.com\/wp-content\/uploads\/2023\/12\/barnets_tarv_logo_2023_V1.jpg\",\"width\":914,\"height\":256,\"caption\":\"Barnets Tarv\"},\"image\":{\"@id\":\"https:\/\/barnetstarv.com\/#\/schema\/logo\/image\/\"},\"sameAs\":[\"https:\/\/www.facebook.com\/barnetstarv\/\"]}]}<\/script>\n<!-- \/ Yoast SEO plugin. -->","yoast_head_json":{"title":"V\u00e6rdier - Barnets Tarv","robots":{"index":"index","follow":"follow","max-snippet":"max-snippet:-1","max-image-preview":"max-image-preview:large","max-video-preview":"max-video-preview:-1"},"canonical":"https:\/\/barnetstarv.com\/index.php\/om-os\/vaerdier\/","og_locale":"da_DK","og_type":"article","og_title":"V\u00e6rdier - Barnets Tarv","og_description":"V\u00e6rdier Hos Barnets Tarv har vi tre grundl\u00e6ggende kernev\u00e6rdier: Et barn har ret til to for\u00e6ldre Afg\u00f8rende for al hj\u00e6lpekunst er, at m\u00f8de mennesker hvor de er Hj\u00e6lp til for\u00e6ldrene er den bedste h\u00e5ndsr\u00e6kning, et barn kan f\u00e5 Et barn har ret til to for\u00e6ldre Vi er i Barnets Tarv k\u00f8nsneutrale. Vi k\u00e6mper ikke for [&hellip;]","og_url":"https:\/\/barnetstarv.com\/index.php\/om-os\/vaerdier\/","og_site_name":"Barnets Tarv","article_publisher":"https:\/\/www.facebook.com\/barnetstarv\/","article_modified_time":"2024-11-24T12:23:43+00:00","og_image":[{"width":199,"height":299,"url":"https:\/\/barnetstarv.com\/wp-content\/uploads\/2023\/12\/sc3b8ren-kierkegaard.png","type":"image\/png"}],"twitter_card":"summary_large_image","twitter_misc":{"Estimeret l\u00e6setid":"5 minutter"},"schema":{"@context":"https:\/\/schema.org","@graph":[{"@type":"WebPage","@id":"https:\/\/barnetstarv.com\/index.php\/om-os\/vaerdier\/","url":"https:\/\/barnetstarv.com\/index.php\/om-os\/vaerdier\/","name":"V\u00e6rdier - Barnets Tarv","isPartOf":{"@id":"https:\/\/barnetstarv.com\/#website"},"primaryImageOfPage":{"@id":"https:\/\/barnetstarv.com\/index.php\/om-os\/vaerdier\/#primaryimage"},"image":{"@id":"https:\/\/barnetstarv.com\/index.php\/om-os\/vaerdier\/#primaryimage"},"thumbnailUrl":"https:\/\/barnetstarv.com\/wp-content\/uploads\/2023\/12\/sc3b8ren-kierkegaard.png","datePublished":"2023-12-05T14:45:54+00:00","dateModified":"2024-11-24T12:23:43+00:00","breadcrumb":{"@id":"https:\/\/barnetstarv.com\/index.php\/om-os\/vaerdier\/#breadcrumb"},"inLanguage":"da-DK","potentialAction":[{"@type":"ReadAction","target":["https:\/\/barnetstarv.com\/index.php\/om-os\/vaerdier\/"]}]},{"@type":"ImageObject","inLanguage":"da-DK","@id":"https:\/\/barnetstarv.com\/index.php\/om-os\/vaerdier\/#primaryimage","url":"https:\/\/barnetstarv.com\/wp-content\/uploads\/2023\/12\/sc3b8ren-kierkegaard.png","contentUrl":"https:\/\/barnetstarv.com\/wp-content\/uploads\/2023\/12\/sc3b8ren-kierkegaard.png","width":199,"height":299},{"@type":"BreadcrumbList","@id":"https:\/\/barnetstarv.com\/index.php\/om-os\/vaerdier\/#breadcrumb","itemListElement":[{"@type":"ListItem","position":1,"name":"Hjem","item":"https:\/\/barnetstarv.com\/"},{"@type":"ListItem","position":2,"name":"Om os","item":"https:\/\/barnetstarv.com\/index.php\/om-os\/"},{"@type":"ListItem","position":3,"name":"V\u00e6rdier"}]},{"@type":"WebSite","@id":"https:\/\/barnetstarv.com\/#website","url":"https:\/\/barnetstarv.com\/","name":"Barnets Tarv","description":"","publisher":{"@id":"https:\/\/barnetstarv.com\/#organization"},"potentialAction":[{"@type":"SearchAction","target":{"@type":"EntryPoint","urlTemplate":"https:\/\/barnetstarv.com\/?s={search_term_string}"},"query-input":{"@type":"PropertyValueSpecification","valueRequired":true,"valueName":"search_term_string"}}],"inLanguage":"da-DK"},{"@type":"Organization","@id":"https:\/\/barnetstarv.com\/#organization","name":"Barnets Tarv","url":"https:\/\/barnetstarv.com\/","logo":{"@type":"ImageObject","inLanguage":"da-DK","@id":"https:\/\/barnetstarv.com\/#\/schema\/logo\/image\/","url":"https:\/\/barnetstarv.com\/wp-content\/uploads\/2023\/12\/barnets_tarv_logo_2023_V1.jpg","contentUrl":"https:\/\/barnetstarv.com\/wp-content\/uploads\/2023\/12\/barnets_tarv_logo_2023_V1.jpg","width":914,"height":256,"caption":"Barnets Tarv"},"image":{"@id":"https:\/\/barnetstarv.com\/#\/schema\/logo\/image\/"},"sameAs":["https:\/\/www.facebook.com\/barnetstarv\/"]}]}},"_links":{"self":[{"href":"https:\/\/barnetstarv.com\/index.php\/wp-json\/wp\/v2\/pages\/16836","targetHints":{"allow":["GET"]}}],"collection":[{"href":"https:\/\/barnetstarv.com\/index.php\/wp-json\/wp\/v2\/pages"}],"about":[{"href":"https:\/\/barnetstarv.com\/index.php\/wp-json\/wp\/v2\/types\/page"}],"author":[{"embeddable":true,"href":"https:\/\/barnetstarv.com\/index.php\/wp-json\/wp\/v2\/users\/1"}],"replies":[{"embeddable":true,"href":"https:\/\/barnetstarv.com\/index.php\/wp-json\/wp\/v2\/comments?post=16836"}],"version-history":[{"count":7,"href":"https:\/\/barnetstarv.com\/index.php\/wp-json\/wp\/v2\/pages\/16836\/revisions"}],"predecessor-version":[{"id":17203,"href":"https:\/\/barnetstarv.com\/index.php\/wp-json\/wp\/v2\/pages\/16836\/revisions\/17203"}],"up":[{"embeddable":true,"href":"https:\/\/barnetstarv.com\/index.php\/wp-json\/wp\/v2\/pages\/16812"}],"wp:attachment":[{"href":"https:\/\/barnetstarv.com\/index.php\/wp-json\/wp\/v2\/media?parent=16836"}],"curies":[{"name":"wp","href":"https:\/\/api.w.org\/{rel}","templated":true}]}}