{"id":17112,"date":"2024-03-05T17:41:27","date_gmt":"2024-03-05T17:41:27","guid":{"rendered":"https:\/\/barnetstarv.com\/?page_id=17112"},"modified":"2024-03-05T18:04:59","modified_gmt":"2024-03-05T18:04:59","slug":"paragraf-75-stoetteperson","status":"publish","type":"page","link":"https:\/\/barnetstarv.com\/index.php\/paragraf-75-stoetteperson\/","title":{"rendered":"Paragraf 75 st\u00f8tteperson"},"content":{"rendered":"\t\t<div data-elementor-type=\"wp-page\" data-elementor-id=\"17112\" class=\"elementor elementor-17112\">\n\t\t\t\t\t\t<section class=\"elementor-section elementor-top-section elementor-element elementor-element-49c49f1 elementor-section-boxed elementor-section-height-default elementor-section-height-default\" data-id=\"49c49f1\" data-element_type=\"section\">\n\t\t\t\t\t\t<div class=\"elementor-container elementor-column-gap-default\">\n\t\t\t\t\t<div class=\"elementor-column elementor-col-100 elementor-top-column elementor-element elementor-element-64897ba\" data-id=\"64897ba\" data-element_type=\"column\">\n\t\t\t<div class=\"elementor-widget-wrap\">\n\t\t\t\t\t\t\t<\/div>\n\t\t<\/div>\n\t\t\t\t\t<\/div>\n\t\t<\/section>\n\t\t\t\t<section class=\"elementor-section elementor-top-section elementor-element elementor-element-40cc25d elementor-section-boxed elementor-section-height-default elementor-section-height-default\" data-id=\"40cc25d\" data-element_type=\"section\">\n\t\t\t\t\t\t<div class=\"elementor-container elementor-column-gap-default\">\n\t\t\t\t\t<div class=\"elementor-column elementor-col-100 elementor-top-column elementor-element elementor-element-93df685\" data-id=\"93df685\" data-element_type=\"column\" data-settings=\"{&quot;background_background&quot;:&quot;classic&quot;}\">\n\t\t\t<div class=\"elementor-widget-wrap elementor-element-populated\">\n\t\t\t\t\t\t<section class=\"elementor-section elementor-inner-section elementor-element elementor-element-4ab9217 elementor-section-boxed elementor-section-height-default elementor-section-height-default\" data-id=\"4ab9217\" data-element_type=\"section\">\n\t\t\t\t\t\t<div class=\"elementor-container elementor-column-gap-default\">\n\t\t\t\t\t<div class=\"elementor-column elementor-col-50 elementor-inner-column elementor-element elementor-element-46ae116\" data-id=\"46ae116\" data-element_type=\"column\">\n\t\t\t<div class=\"elementor-widget-wrap elementor-element-populated\">\n\t\t\t\t\t\t<div class=\"elementor-element elementor-element-5e99768 elementor-widget elementor-widget-heading\" data-id=\"5e99768\" data-element_type=\"widget\" data-widget_type=\"heading.default\">\n\t\t\t\t<div class=\"elementor-widget-container\">\n\t\t\t\t\t<h2 class=\"elementor-heading-title elementor-size-default\">\u00a775 st\u00f8tteperson<\/h2>\t\t\t\t<\/div>\n\t\t\t\t<\/div>\n\t\t\t\t<div class=\"elementor-element elementor-element-ed82547 elementor-widget elementor-widget-text-editor\" data-id=\"ed82547\" data-element_type=\"widget\" data-widget_type=\"text-editor.default\">\n\t\t\t\t<div class=\"elementor-widget-container\">\n\t\t\t\t\t\t\t\t\t<p>Skal dit barn anbringes eller er allerede blevet anbragt?<\/p><p>Hvis dit barn skal anbringes eller er anbragt udenfor hjemmet, har man som for\u00e6ldre ret til at f\u00e5 en st\u00f8tteperson efter Servicelovens paragraf 75.<\/p><p>St\u00f8ttepersonen skal v\u00e6re uvildig og uafh\u00e6ngig af kommunen og skal blot varetage dine behov.<\/p><p>Ved anbringelse af et barn eller ung kan der opst\u00e5 mange opgaver, f\u00f8lelser og sp\u00f8rgsm\u00e5l. Dette skal man ikke st\u00e5 alene med som for\u00e6ldre.<\/p><p>N\u00e5r et barn bliver anbragt medf\u00f8rer det stort set altid sorg og krise b\u00e5de hos for\u00e6ldrene og hos barnet. Der opst\u00e5r ofte f\u00f8lelsesm\u00e6ssige traumer, som kan v\u00e6re sv\u00e6re at h\u00e5ndtere. Det kan ligeledes v\u00e6re sv\u00e6rt at forst\u00e5 hvorfor dit barn er blevet anbragt.<\/p><p>En anbringelse er det mest indgribende tiltag som en kommune kan iv\u00e6rks\u00e6tte og det har en k\u00e6mpe indflydelse p\u00e5 b\u00e5de for\u00e6ldrene og barnet. B\u00f8rnene har oftest sv\u00e6rt ved at forst\u00e5 hvorfor de ikke kan v\u00e6re derhjemme og for\u00e6ldrene oplever ofte en f\u00f8lelse af afmagt og uretf\u00e6rdighed.<\/p><p>Ofte har for\u00e6ldrene ikke selv et \u00f8nske om en anbringelse og derfor kan det f\u00f8les kr\u00e6nkende, forkert og nedv\u00e6rdigende.<\/p><p>Derfor har du ret til, at v\u00e6lge en st\u00f8tteperson som betales af kommunen.<\/p><p>En st\u00f8tteperson hj\u00e6lper dig med at bearbejde de f\u00f8lelser og udfordringer der opst\u00e5r og vejleder dig omkring sp\u00f8rgsm\u00e5l du har.<br \/>St\u00f8ttepersonen kan deltage med dig i m\u00f8der med kommunen eller anbringelsesstedet og hj\u00e6lpe dig med at forst\u00e5 de papirer du modtager.<br \/>St\u00f8ttepersonen skal v\u00e6re en som kan hj\u00e6lpe dig b\u00e5de fagligt og personligt og som skal have en uvildig rolle i forhold til kommunen.<\/p><p>Du kan selv v\u00e6lge hvem din st\u00f8tteperson skal v\u00e6re, hvorfor du kan v\u00e6lge mig.<\/p><p>Du kan <a href=\"https:\/\/barnetstarv.com\/index.php\/kontakt-os\/\">kontakte mig<\/a> for en n\u00e6rmere afklaring af dine behov. Det er ligeledes vigtigt, at du m\u00e6rker efter om vi to er et match.\u00a0<\/p><p>Du kan blot ringe, sende mig en mail, eller skrive via formularen her p\u00e5 siden.<\/p>\t\t\t\t\t\t\t\t<\/div>\n\t\t\t\t<\/div>\n\t\t\t\t\t<\/div>\n\t\t<\/div>\n\t\t\t\t<div class=\"elementor-column elementor-col-50 elementor-inner-column elementor-element elementor-element-380de39\" data-id=\"380de39\" data-element_type=\"column\" data-settings=\"{&quot;background_background&quot;:&quot;classic&quot;}\">\n\t\t\t<div class=\"elementor-widget-wrap elementor-element-populated\">\n\t\t\t\t\t\t<div class=\"elementor-element elementor-element-94fe32f elementor-widget elementor-widget-image\" data-id=\"94fe32f\" data-element_type=\"widget\" data-widget_type=\"image.default\">\n\t\t\t\t<div class=\"elementor-widget-container\">\n\t\t\t\t\t\t\t\t\t\t\t\t<figure class=\"wp-caption\">\n\t\t\t\t\t\t\t\t\t\t<img fetchpriority=\"high\" decoding=\"async\" width=\"800\" height=\"534\" src=\"https:\/\/barnetstarv.com\/wp-content\/uploads\/2023\/12\/michael-hjelvang.jpg\" class=\"attachment-large size-large wp-image-17070\" alt=\"\" srcset=\"https:\/\/barnetstarv.com\/wp-content\/uploads\/2023\/12\/michael-hjelvang.jpg 1024w, https:\/\/barnetstarv.com\/wp-content\/uploads\/2023\/12\/michael-hjelvang-300x200.jpg 300w, https:\/\/barnetstarv.com\/wp-content\/uploads\/2023\/12\/michael-hjelvang-768x512.jpg 768w\" sizes=\"(max-width: 800px) 100vw, 800px\" \/>\t\t\t\t\t\t\t\t\t\t\t<figcaption class=\"widget-image-caption wp-caption-text\">Michael Hjelvang - Stifter Barnets tarv<\/figcaption>\n\t\t\t\t\t\t\t\t\t\t<\/figure>\n\t\t\t\t\t\t\t\t\t<\/div>\n\t\t\t\t<\/div>\n\t\t\t\t<div class=\"elementor-element elementor-element-922b924 elementor-widget elementor-widget-wpforms\" data-id=\"922b924\" data-element_type=\"widget\" data-widget_type=\"wpforms.default\">\n\t\t\t\t<div class=\"elementor-widget-container\">\n\t\t\t\t\t<style id=\"wpforms-css-vars-elementor-widget-922b924\">\n\t\t\t\t.elementor-widget-wpforms.elementor-element-922b924 {\n\t\t\t\t--wpforms-field-size-input-height: 43px;\n--wpforms-field-size-input-spacing: 15px;\n--wpforms-field-size-font-size: 16px;\n--wpforms-field-size-line-height: 19px;\n--wpforms-field-size-padding-h: 14px;\n--wpforms-field-size-checkbox-size: 16px;\n--wpforms-field-size-sublabel-spacing: 5px;\n--wpforms-field-size-icon-size: 1;\n--wpforms-label-size-font-size: 16px;\n--wpforms-label-size-line-height: 19px;\n--wpforms-label-size-sublabel-font-size: 14px;\n--wpforms-label-size-sublabel-line-height: 17px;\n--wpforms-button-size-font-size: 17px;\n--wpforms-button-size-height: 41px;\n--wpforms-button-size-padding-h: 15px;\n--wpforms-button-size-margin-top: 10px;\n\n\t\t\t}\n\t\t\t<\/style><div class=\"wpforms-container wpforms-container-full wpforms-render-modern\" id=\"wpforms-17047\"><form id=\"wpforms-form-17047\" class=\"wpforms-validate wpforms-form wpforms-ajax-form\" data-formid=\"17047\" method=\"post\" enctype=\"multipart\/form-data\" action=\"\/index.php\/wp-json\/wp\/v2\/pages\/17112\" data-token=\"263bda9d293177c2e6ef43469894a90e\" data-token-time=\"1778586911\"><noscript class=\"wpforms-error-noscript\">Please enable JavaScript in your browser to complete this form.<\/noscript><div class=\"wpforms-hidden\" id=\"wpforms-error-noscript\">Please enable JavaScript in your browser to complete this form.<\/div><div class=\"wpforms-field-container\"><div id=\"wpforms-17047-field_0-container\" class=\"wpforms-field wpforms-field-name\" data-field-id=\"0\"><label class=\"wpforms-field-label\" for=\"wpforms-17047-field_0\">Dit navn (P\u00e5kr\u00e6vet) <span class=\"wpforms-required-label\" aria-hidden=\"true\">*<\/span><\/label><input type=\"text\" id=\"wpforms-17047-field_0\" class=\"wpforms-field-medium wpforms-field-required\" name=\"wpforms[fields][0]\" aria-errormessage=\"wpforms-17047-field_0-error\" required><\/div><div id=\"wpforms-17047-field_1-container\" class=\"wpforms-field wpforms-field-email\" data-field-id=\"1\"><label class=\"wpforms-field-label\" for=\"wpforms-17047-field_1\">Email (P\u00e5kr\u00e6vet) <span class=\"wpforms-required-label\" aria-hidden=\"true\">*<\/span><\/label><input type=\"email\" id=\"wpforms-17047-field_1\" class=\"wpforms-field-medium wpforms-field-required\" name=\"wpforms[fields][1]\" spellcheck=\"false\" aria-errormessage=\"wpforms-17047-field_1-error\" required><\/div><div id=\"wpforms-17047-field_4-container\" class=\"wpforms-field wpforms-field-text\" data-field-id=\"4\"><label class=\"wpforms-field-label\" for=\"wpforms-17047-field_4\">Emne<\/label><input type=\"text\" id=\"wpforms-17047-field_4\" class=\"wpforms-field-medium\" name=\"wpforms[fields][4]\" aria-errormessage=\"wpforms-17047-field_4-error\" ><\/div><div id=\"wpforms-17047-field_2-container\" class=\"wpforms-field wpforms-field-textarea\" data-field-id=\"2\"><label class=\"wpforms-field-label\" for=\"wpforms-17047-field_2\">Din besked<\/label><textarea id=\"wpforms-17047-field_2\" class=\"wpforms-field-medium\" name=\"wpforms[fields][2]\" aria-errormessage=\"wpforms-17047-field_2-error\" ><\/textarea><\/div><\/div><!-- .wpforms-field-container --><div class=\"wpforms-recaptcha-container wpforms-is-recaptcha wpforms-is-recaptcha-type-v2\" ><div class=\"g-recaptcha\" data-sitekey=\"6LeZEjYpAAAAAHk4SU0WQGCMmmBIkZN4JZ8Uze-Z\"><\/div><input type=\"text\" name=\"g-recaptcha-hidden\" class=\"wpforms-recaptcha-hidden\" style=\"position:absolute!important;clip:rect(0,0,0,0)!important;height:1px!important;width:1px!important;border:0!important;overflow:hidden!important;padding:0!important;margin:0!important;\" data-rule-recaptcha=\"1\"><\/div><div class=\"wpforms-submit-container\" ><input type=\"hidden\" name=\"wpforms[id]\" value=\"17047\"><input type=\"hidden\" name=\"page_title\" value=\"\"><input type=\"hidden\" name=\"page_url\" value=\"https:\/\/barnetstarv.com\/index.php\/wp-json\/wp\/v2\/pages\/17112\"><input type=\"hidden\" name=\"url_referer\" value=\"\"><button type=\"submit\" name=\"wpforms[submit]\" id=\"wpforms-submit-17047\" class=\"wpforms-submit\" data-alt-text=\"Sender...\" data-submit-text=\"Send\" aria-live=\"assertive\" value=\"wpforms-submit\">Send<\/button><img decoding=\"async\" src=\"https:\/\/barnetstarv.com\/wp-content\/plugins\/wpforms-lite\/assets\/images\/submit-spin.svg\" class=\"wpforms-submit-spinner\" style=\"display: none;\" width=\"26\" height=\"26\" alt=\"Loading\"><\/div><\/form><\/div>  <!-- .wpforms-container -->\t\t\t\t<\/div>\n\t\t\t\t<\/div>\n\t\t\t\t\t<\/div>\n\t\t<\/div>\n\t\t\t\t\t<\/div>\n\t\t<\/section>\n\t\t\t\t\t<\/div>\n\t\t<\/div>\n\t\t\t\t\t<\/div>\n\t\t<\/section>\n\t\t\t\t<\/div>\n\t\t","protected":false},"excerpt":{"rendered":"<p>\u00a775 st\u00f8tteperson Skal dit barn anbringes eller er allerede blevet anbragt? Hvis dit barn skal anbringes eller er anbragt udenfor hjemmet, har man som for\u00e6ldre ret til at f\u00e5 en st\u00f8tteperson efter Servicelovens paragraf 75. St\u00f8ttepersonen skal v\u00e6re uvildig og uafh\u00e6ngig af kommunen og skal blot varetage dine behov. Ved anbringelse af et barn eller [&hellip;]<\/p>\n","protected":false},"author":1,"featured_media":0,"parent":0,"menu_order":0,"comment_status":"closed","ping_status":"closed","template":"","meta":{"footnotes":""},"class_list":["post-17112","page","type-page","status-publish","hentry"],"yoast_head":"<!-- This site is optimized with the Yoast SEO plugin v24.6 - https:\/\/yoast.com\/wordpress\/plugins\/seo\/ -->\n<title>Paragraf 75 st\u00f8tteperson - Barnets Tarv<\/title>\n<meta name=\"robots\" content=\"index, follow, max-snippet:-1, max-image-preview:large, max-video-preview:-1\" \/>\n<link rel=\"canonical\" href=\"https:\/\/barnetstarv.com\/index.php\/paragraf-75-stoetteperson\/\" \/>\n<meta property=\"og:locale\" content=\"da_DK\" \/>\n<meta property=\"og:type\" content=\"article\" \/>\n<meta property=\"og:title\" content=\"Paragraf 75 st\u00f8tteperson - Barnets Tarv\" \/>\n<meta property=\"og:description\" content=\"\u00a775 st\u00f8tteperson Skal dit barn anbringes eller er allerede blevet anbragt? Hvis dit barn skal anbringes eller er anbragt udenfor hjemmet, har man som for\u00e6ldre ret til at f\u00e5 en st\u00f8tteperson efter Servicelovens paragraf 75. St\u00f8ttepersonen skal v\u00e6re uvildig og uafh\u00e6ngig af kommunen og skal blot varetage dine behov. Ved anbringelse af et barn eller [&hellip;]\" \/>\n<meta property=\"og:url\" content=\"https:\/\/barnetstarv.com\/index.php\/paragraf-75-stoetteperson\/\" \/>\n<meta property=\"og:site_name\" content=\"Barnets Tarv\" \/>\n<meta property=\"article:publisher\" content=\"https:\/\/www.facebook.com\/barnetstarv\/\" \/>\n<meta property=\"article:modified_time\" content=\"2024-03-05T18:04:59+00:00\" \/>\n<meta property=\"og:image\" content=\"https:\/\/barnetstarv.com\/wp-content\/uploads\/2023\/12\/michael-hjelvang.jpg\" \/>\n<meta name=\"twitter:card\" content=\"summary_large_image\" \/>\n<meta name=\"twitter:label1\" content=\"Estimeret l\u00e6setid\" \/>\n\t<meta name=\"twitter:data1\" content=\"3 minutter\" \/>\n<script type=\"application\/ld+json\" class=\"yoast-schema-graph\">{\"@context\":\"https:\/\/schema.org\",\"@graph\":[{\"@type\":\"WebPage\",\"@id\":\"https:\/\/barnetstarv.com\/index.php\/paragraf-75-stoetteperson\/\",\"url\":\"https:\/\/barnetstarv.com\/index.php\/paragraf-75-stoetteperson\/\",\"name\":\"Paragraf 75 st\u00f8tteperson - Barnets Tarv\",\"isPartOf\":{\"@id\":\"https:\/\/barnetstarv.com\/#website\"},\"primaryImageOfPage\":{\"@id\":\"https:\/\/barnetstarv.com\/index.php\/paragraf-75-stoetteperson\/#primaryimage\"},\"image\":{\"@id\":\"https:\/\/barnetstarv.com\/index.php\/paragraf-75-stoetteperson\/#primaryimage\"},\"thumbnailUrl\":\"https:\/\/barnetstarv.com\/wp-content\/uploads\/2023\/12\/michael-hjelvang.jpg\",\"datePublished\":\"2024-03-05T17:41:27+00:00\",\"dateModified\":\"2024-03-05T18:04:59+00:00\",\"breadcrumb\":{\"@id\":\"https:\/\/barnetstarv.com\/index.php\/paragraf-75-stoetteperson\/#breadcrumb\"},\"inLanguage\":\"da-DK\",\"potentialAction\":[{\"@type\":\"ReadAction\",\"target\":[\"https:\/\/barnetstarv.com\/index.php\/paragraf-75-stoetteperson\/\"]}]},{\"@type\":\"ImageObject\",\"inLanguage\":\"da-DK\",\"@id\":\"https:\/\/barnetstarv.com\/index.php\/paragraf-75-stoetteperson\/#primaryimage\",\"url\":\"https:\/\/barnetstarv.com\/wp-content\/uploads\/2023\/12\/michael-hjelvang.jpg\",\"contentUrl\":\"https:\/\/barnetstarv.com\/wp-content\/uploads\/2023\/12\/michael-hjelvang.jpg\",\"width\":1024,\"height\":683},{\"@type\":\"BreadcrumbList\",\"@id\":\"https:\/\/barnetstarv.com\/index.php\/paragraf-75-stoetteperson\/#breadcrumb\",\"itemListElement\":[{\"@type\":\"ListItem\",\"position\":1,\"name\":\"Hjem\",\"item\":\"https:\/\/barnetstarv.com\/\"},{\"@type\":\"ListItem\",\"position\":2,\"name\":\"Paragraf 75 st\u00f8tteperson\"}]},{\"@type\":\"WebSite\",\"@id\":\"https:\/\/barnetstarv.com\/#website\",\"url\":\"https:\/\/barnetstarv.com\/\",\"name\":\"Barnets Tarv\",\"description\":\"\",\"publisher\":{\"@id\":\"https:\/\/barnetstarv.com\/#organization\"},\"potentialAction\":[{\"@type\":\"SearchAction\",\"target\":{\"@type\":\"EntryPoint\",\"urlTemplate\":\"https:\/\/barnetstarv.com\/?s={search_term_string}\"},\"query-input\":{\"@type\":\"PropertyValueSpecification\",\"valueRequired\":true,\"valueName\":\"search_term_string\"}}],\"inLanguage\":\"da-DK\"},{\"@type\":\"Organization\",\"@id\":\"https:\/\/barnetstarv.com\/#organization\",\"name\":\"Barnets Tarv\",\"url\":\"https:\/\/barnetstarv.com\/\",\"logo\":{\"@type\":\"ImageObject\",\"inLanguage\":\"da-DK\",\"@id\":\"https:\/\/barnetstarv.com\/#\/schema\/logo\/image\/\",\"url\":\"https:\/\/barnetstarv.com\/wp-content\/uploads\/2023\/12\/barnets_tarv_logo_2023_V1.jpg\",\"contentUrl\":\"https:\/\/barnetstarv.com\/wp-content\/uploads\/2023\/12\/barnets_tarv_logo_2023_V1.jpg\",\"width\":914,\"height\":256,\"caption\":\"Barnets Tarv\"},\"image\":{\"@id\":\"https:\/\/barnetstarv.com\/#\/schema\/logo\/image\/\"},\"sameAs\":[\"https:\/\/www.facebook.com\/barnetstarv\/\"]}]}<\/script>\n<!-- \/ Yoast SEO plugin. -->","yoast_head_json":{"title":"Paragraf 75 st\u00f8tteperson - Barnets Tarv","robots":{"index":"index","follow":"follow","max-snippet":"max-snippet:-1","max-image-preview":"max-image-preview:large","max-video-preview":"max-video-preview:-1"},"canonical":"https:\/\/barnetstarv.com\/index.php\/paragraf-75-stoetteperson\/","og_locale":"da_DK","og_type":"article","og_title":"Paragraf 75 st\u00f8tteperson - Barnets Tarv","og_description":"\u00a775 st\u00f8tteperson Skal dit barn anbringes eller er allerede blevet anbragt? Hvis dit barn skal anbringes eller er anbragt udenfor hjemmet, har man som for\u00e6ldre ret til at f\u00e5 en st\u00f8tteperson efter Servicelovens paragraf 75. St\u00f8ttepersonen skal v\u00e6re uvildig og uafh\u00e6ngig af kommunen og skal blot varetage dine behov. Ved anbringelse af et barn eller [&hellip;]","og_url":"https:\/\/barnetstarv.com\/index.php\/paragraf-75-stoetteperson\/","og_site_name":"Barnets Tarv","article_publisher":"https:\/\/www.facebook.com\/barnetstarv\/","article_modified_time":"2024-03-05T18:04:59+00:00","og_image":[{"url":"https:\/\/barnetstarv.com\/wp-content\/uploads\/2023\/12\/michael-hjelvang.jpg","type":"","width":"","height":""}],"twitter_card":"summary_large_image","twitter_misc":{"Estimeret l\u00e6setid":"3 minutter"},"schema":{"@context":"https:\/\/schema.org","@graph":[{"@type":"WebPage","@id":"https:\/\/barnetstarv.com\/index.php\/paragraf-75-stoetteperson\/","url":"https:\/\/barnetstarv.com\/index.php\/paragraf-75-stoetteperson\/","name":"Paragraf 75 st\u00f8tteperson - Barnets Tarv","isPartOf":{"@id":"https:\/\/barnetstarv.com\/#website"},"primaryImageOfPage":{"@id":"https:\/\/barnetstarv.com\/index.php\/paragraf-75-stoetteperson\/#primaryimage"},"image":{"@id":"https:\/\/barnetstarv.com\/index.php\/paragraf-75-stoetteperson\/#primaryimage"},"thumbnailUrl":"https:\/\/barnetstarv.com\/wp-content\/uploads\/2023\/12\/michael-hjelvang.jpg","datePublished":"2024-03-05T17:41:27+00:00","dateModified":"2024-03-05T18:04:59+00:00","breadcrumb":{"@id":"https:\/\/barnetstarv.com\/index.php\/paragraf-75-stoetteperson\/#breadcrumb"},"inLanguage":"da-DK","potentialAction":[{"@type":"ReadAction","target":["https:\/\/barnetstarv.com\/index.php\/paragraf-75-stoetteperson\/"]}]},{"@type":"ImageObject","inLanguage":"da-DK","@id":"https:\/\/barnetstarv.com\/index.php\/paragraf-75-stoetteperson\/#primaryimage","url":"https:\/\/barnetstarv.com\/wp-content\/uploads\/2023\/12\/michael-hjelvang.jpg","contentUrl":"https:\/\/barnetstarv.com\/wp-content\/uploads\/2023\/12\/michael-hjelvang.jpg","width":1024,"height":683},{"@type":"BreadcrumbList","@id":"https:\/\/barnetstarv.com\/index.php\/paragraf-75-stoetteperson\/#breadcrumb","itemListElement":[{"@type":"ListItem","position":1,"name":"Hjem","item":"https:\/\/barnetstarv.com\/"},{"@type":"ListItem","position":2,"name":"Paragraf 75 st\u00f8tteperson"}]},{"@type":"WebSite","@id":"https:\/\/barnetstarv.com\/#website","url":"https:\/\/barnetstarv.com\/","name":"Barnets Tarv","description":"","publisher":{"@id":"https:\/\/barnetstarv.com\/#organization"},"potentialAction":[{"@type":"SearchAction","target":{"@type":"EntryPoint","urlTemplate":"https:\/\/barnetstarv.com\/?s={search_term_string}"},"query-input":{"@type":"PropertyValueSpecification","valueRequired":true,"valueName":"search_term_string"}}],"inLanguage":"da-DK"},{"@type":"Organization","@id":"https:\/\/barnetstarv.com\/#organization","name":"Barnets Tarv","url":"https:\/\/barnetstarv.com\/","logo":{"@type":"ImageObject","inLanguage":"da-DK","@id":"https:\/\/barnetstarv.com\/#\/schema\/logo\/image\/","url":"https:\/\/barnetstarv.com\/wp-content\/uploads\/2023\/12\/barnets_tarv_logo_2023_V1.jpg","contentUrl":"https:\/\/barnetstarv.com\/wp-content\/uploads\/2023\/12\/barnets_tarv_logo_2023_V1.jpg","width":914,"height":256,"caption":"Barnets Tarv"},"image":{"@id":"https:\/\/barnetstarv.com\/#\/schema\/logo\/image\/"},"sameAs":["https:\/\/www.facebook.com\/barnetstarv\/"]}]}},"_links":{"self":[{"href":"https:\/\/barnetstarv.com\/index.php\/wp-json\/wp\/v2\/pages\/17112","targetHints":{"allow":["GET"]}}],"collection":[{"href":"https:\/\/barnetstarv.com\/index.php\/wp-json\/wp\/v2\/pages"}],"about":[{"href":"https:\/\/barnetstarv.com\/index.php\/wp-json\/wp\/v2\/types\/page"}],"author":[{"embeddable":true,"href":"https:\/\/barnetstarv.com\/index.php\/wp-json\/wp\/v2\/users\/1"}],"replies":[{"embeddable":true,"href":"https:\/\/barnetstarv.com\/index.php\/wp-json\/wp\/v2\/comments?post=17112"}],"version-history":[{"count":7,"href":"https:\/\/barnetstarv.com\/index.php\/wp-json\/wp\/v2\/pages\/17112\/revisions"}],"predecessor-version":[{"id":17130,"href":"https:\/\/barnetstarv.com\/index.php\/wp-json\/wp\/v2\/pages\/17112\/revisions\/17130"}],"wp:attachment":[{"href":"https:\/\/barnetstarv.com\/index.php\/wp-json\/wp\/v2\/media?parent=17112"}],"curies":[{"name":"wp","href":"https:\/\/api.w.org\/{rel}","templated":true}]}}